umber?
False
Let w(z) = -3*z + 22. Let b be w(10). Let k(h) = -h**2 - 6*h + 13. Let p be k(b). Is p/7 - 58896/(-126) a prime number?
True
Suppose -2*y + 23499 = -7*p + 10*p, 4*y + 23481 = 3*p. Is p a prime number?
False
Let m(g) = 620*g - 60. Let l be m(12). Suppose 5*d = -5*z - 0*d + 12290, 3*z - l = -d. Is z composite?
True
Let k(j) = -2*j**3 - 15*j**2 - 3*j + 7. Suppose z - 4*z = 33. Is k(z) prime?
True
Suppose 11762 = 22*a - 844. Is a a prime number?
False
Suppose -x = -2218 + 257. Is x a prime number?
False
Suppose -3*m - 2*u + 3 = -4*m, -m + 5*u - 6 = 0. Let o = m + 332. Is o prime?
True
Suppose 17*w = 23*w + 23454. Let g = w + 13264. Is g a composite number?
True
Suppose 26 = -3*v + 4*o, 4 = -3*o - o. Let g = 6 + v. Is 2/g*2*-79 composite?
False
Let l(v) = -5*v**3 + 12*v**2 + 23*v + 61. Is l(-7) a composite number?
False
Suppose u - 5 = 0, 2*u - 94 = -d - 3*d. Let o = d + -15. Let n = 16 - o. Is n composite?
True
Suppose -3*f + 77 = j, 0*f + 102 = 4*f + j. Suppose -7*m = -2*m - f. Let v = 28 + m. Is v a composite number?
True
Let r(p) = p**2 + 6*p. Let q be r(-4). Is 2565/5 - q/2 a composite number?
True
Let j = -2680 + 30545. Is j a prime number?
False
Let t(s) = -336*s + 1. Let a(b) = 2*b + 4. Let o be a(-3). Is t(o) prime?
True
Suppose 0 = 3*x + 9, -m - 4*x + 136 = -2*x. Suppose 3*l = 4*g + m, 4*l - 2*g + g = 185. Is l composite?
True
Suppose 10 = k + 4*f - 2*f, 4*k - 4 = 4*f. Suppose -2*w + 5*y + 28 = 0, 4*w - 5 = k*y + 27. Is w a prime number?
False
Suppose 33*r - 1843857 - 101922 = 0. Is r composite?
False
Suppose 30*k = 43*k - 202787. Is k a composite number?
True
Let i(c) = -107*c + 15. Let w be i(5). Let k = w - -913. Is k prime?
False
Suppose -5*m + 2*m = 3. Let q be ((-40)/(-8))/(m/(-1)). Suppose 2*b - 2*u + 4*u = 94, 0 = q*b - 5*u - 255. Is b composite?
True
Let p(f) = 39*f + 2. Let d be p(2). Let h(m) = m**3 - 2*m**2 - 5*m + 4. Let i be h(5). Let k = i + d. Is k a composite number?
True
Let s(u) be the third derivative of u**4/24 + 7*u**3/6 - 8*u**2. Let y be s(-6). Is 771/(4 - y)*1 composite?
False
Let m(t) = -2*t**3 - 8*t**2 + 30*t + 323. Is m(-11) prime?
False
Let n = 3664 - 1955. Is n composite?
False
Suppose 0*w - 3*w = -15. Suppose 5*z - 36240 = -a, 3*z + 0*a - 21722 = -w*a. Is z a prime number?
False
Suppose -4*o - 3*o = 0. Suppose 5*g - 339 = 4*g - 4*r, o = -5*g - r + 1657. Is g a composite number?
False
Suppose -4*f - t = -15, 3*t + 4 - 1 = 0. Suppose f*h + 258 = 1670. Is h prime?
True
Is 6/4*8886/9 a prime number?
True
Is ((-11289)/12)/(1/(-4)) a prime number?
False
Let s(t) = 19*t**3 - 2*t**2 - 4*t - 1. Let w be s(4). Is 4/20 - 6*w/(-15) composite?
False
Is -6 - -1795 - (-5)/((-5)/(-4)) a composite number?
True
Let m be (-24)/(-15) + 2/5. Suppose -y + 5*l = -593, -2*y + 2288 = m*y + l. Suppose 2*g = -g + y. Is g a composite number?
False
Let w(f) = -3*f**3 - 4*f**2 - 3*f - 1. Let u be w(-3). Is u/1*(1 - -2) prime?
False
Let t = 2459 - 1753. Let v be 3 + t + (-3)/(-1). Let g = 1029 - v. Is g prime?
True
Let r(b) = 46*b - 5. Suppose -2*h - 3*i = -22, -2*h + 2*i - 2 = -i. Suppose -5*u = -h*v - 2*u - 2, u = -3*v + 10. Is r(v) composite?
True
Suppose 2*g + 8433 = 3*p, -2*p + 1541 = -2*g - 4083. Is p a composite number?
True
Let a = 18 - -194. Let b be 10/14 + 4/14. Let p = a - b. Is p a composite number?
False
Suppose k = 3*d - 1, -5*k = -3*d - 9 - 10. Suppose -4*g + 3184 = -7*g + 5*a, k*g + 5275 = 2*a. Is g/(-9) - (2 + 0) composite?
True
Suppose -2756 = -15*k + 11*k. Is (k/52)/((-1)/(-4)) prime?
True
Suppose 10 = 5*q + 4*x, -5*q + 20 = x + x. Suppose 9*j = q*j + 264. Let o = j - 35. Is o a composite number?
False
Let j(r) be the third derivative of 13*r**5/15 + 29*r**3/6 + 12*r**2. Is j(-6) prime?
True
Suppose -c = w - 2*w + 176, 4*w + c - 709 = 0. Let z = -3 - w. Is (-6)/2 - z - -1 prime?
False
Let p(y) = -7*y - 2. Let r be p(-1). Let b(q) = -q. Let n(w) = 4*w**2 + w - 1. Let i(s) = -3*b(s) + n(s). Is i(r) a composite number?
True
Suppose 0 = 5*q - 18 + 3. Let b be (q/9)/(2/30). Suppose b + 15 = 4*x, -4*f + 1147 = -5*x. Is f composite?
False
Suppose 0 = -3*h + 520 + 3227. Is h composite?
False
Let w(z) = -70003*z - 110. Is w(-1) a composite number?
True
Suppose -3*t + 5*p + 14 = -0*t, 2*p - 10 = -4*t. Let w be 300 - t/((-6)/(-4)). Is (w/4)/(7/14) a prime number?
True
Let y(u) = 19*u**2 + 11*u - 19. Suppose 5*a - 2*j + 49 = 0, 0 = -3*a - a - 2*j - 50. Is y(a) a prime number?
False
Let x(k) = -k**3 + 7*k**2 - 10. Let r be x(6). Let c = r + 14. Is c - (12/(-1))/(-4) a composite number?
False
Suppose 74*s - 72*s = 15802. Is s prime?
True
Let t(r) be the third derivative of -1/120*r**6 - 1/3*r**3 + 0*r + 0 + 4*r**2 + 0*r**4 + 1/15*r**5. Is t(-5) a composite number?
False
Let u(h) = -h + 27. Let r be u(21). Suppose -1206 = -r*o + 2016. Is o a prime number?
False
Suppose 18*h = 7515 + 42183. Is h a composite number?
True
Let o = 8806 + -771. Is o composite?
True
Let r(t) = 20*t**3 + t**2 + t + 3. Let p be r(3). Let x = -323 + p. Suppose -v + x = 45. Is v a composite number?
True
Suppose -3*l - 14582 = -5*w + l, 3*w - 8748 = 3*l. Is w prime?
False
Let w(f) = 1 + 4*f**2 - 2*f**2 - 3*f**2 - 9*f**3. Let b = 107 - 110. Is w(b) prime?
False
Suppose 0 = -5*g + 2*b + 296441 + 63724, 0 = 4*g + b - 288119. Is g a composite number?
False
Suppose -5*d + 2*c + 24 = c, 5*d = 4*c + 36. Let s(h) = 46*h**2 - 2*h - 5. Is s(d) prime?
False
Let f(b) = b**2 + 3*b + 5. Let c be f(8). Let j = c + -50. Is j prime?
True
Let w(b) = 183*b + 25. Let c be w(4). Let j = c + -504. Is j composite?
True
Is (-13750)/(-3) + (-5)/15 a prime number?
True
Let n = 688 - 327. Let d = 692 - n. Is d prime?
True
Suppose 0 = -57*l - 18*l + 468525. Is l composite?
False
Let l be -4*(-1)/7*7. Suppose 7*o + 2*w - 2030 = l*o, w - 1352 = -2*o. Is o a prime number?
False
Let s(g) = -1 - 8*g - 2*g**2 - g**3 - 1 + 8*g**2. Let i be s(4). Is i/(-3)*(-9324)/(-24) composite?
True
Suppose -l = t - 0*l - 15, -2*t + 2*l + 30 = 0. Let q = t - 12. Suppose 24 - 2685 = -q*h. Is h prime?
True
Suppose -3*i - n = -13, 0*i = 2*i - 4*n - 4. Suppose -i*u - 22 = -j, u + 7 = 2*j - 2. Suppose j*v = -2*g + 978, v - 2*v - 4 = 0. Is g prime?
False
Let y(h) = -4*h**2 + h + 1. Let b be y(-1). Is (-553)/(-49) + b/14 a composite number?
False
Let d = 17 + -21. Is d - 459/(1 + -4) composite?
False
Let b(x) = x**3 + 5*x**2 - 10*x + 3. Let l be b(-5). Suppose -w = -6 - l. Is w a composite number?
False
Let i = 59 + -59. Is (i - 1)*2/(6/(-2901)) prime?
True
Let d(p) be the first derivative of 17*p**3/3 - 12*p**2 - 7*p - 13. Is d(-12) a composite number?
False
Let j be (2 + -6)/(1 - 2). Is 3020/(-15)*(-6)/j prime?
False
Let c(k) = -355*k**3 + 2*k**2 + k - 1. Let r be c(-1). Let x = 686 - r. Is x a prime number?
True
Let o(h) = 10*h**3 - 3*h**2 - 2*h + 3. Let v be o(3). Let f = v - 131. Is f a prime number?
True
Suppose -3662 = -r - o, -o + 3 = 2. Is r prime?
False
Let s(o) = 44*o + 153*o + 5 + 179*o + 102*o. Is s(2) a composite number?
True
Suppose -i - 4 = -2. Let s be (2 - 2)*1/i. Suppose 7*h - 79 - 306 = s. Is h a composite number?
True
Let q be 4538/8 + 42/56. Let r = -602 - -967. Let g = q - r. Is g composite?
True
Let h(s) = -7*s - 12. Let y be h(-3). Suppose 8*i - y*i = -3203. Is i a prime number?
True
Is (-4)/(-6)*(-10 - 127070/(-20)) composite?
False
Suppose 2*k - 4*k - 55 = -3*s, 4*k + 5*s = -55. Is k/(-8)*7444/10 a composite number?
False
Suppose 0 = 4*q - 42890 - 27722. Is q a composite number?
True
Let v be 2/(-2) - (-4)/(-2). Let z = 99 - 77. Let y = v + z. Is y composite?
False
Let y(s) = 3*s**2 - 6*s - 2. Suppose -6*m = -3*m - 9. Suppose 0*f - m*f = -27. Is y(f) a prime number?
False
Suppose 0 = -15*c + 20*c + 7825. Let b = -594 - c. Is b a composite number?
False
Suppose -8*h - 2 = -9*h. Suppose 0*z = -h*z - 6. Is (-12)/9*z - -123 prime?
True
Let n(x) = -x + 264. Let h be n(0). Suppose -8*t + 0*t + h = 0. Is t a prime number?
False
Let r(f) = -f**2 + 5*f - 1. Let j be r(3). Let p = j - 9. Is 6/p*284/(-3) composite?
True
Suppose 3*g - 3712 + 782 = -z, -3*z = -g - 8780. Is z composite?
False
Suppose -b - v + 583 = b, -892 = -3*b - 5*v. Is b prime?
False
Suppose 46*y + 71888 = 62*y. Is y composite?
False
Let s(d) = -722*d - 17. Is s(-5) composite?
False
Let r(x) = 52*x + 3. Let w(l) be 